{"id":63,"date":"2026-01-22T16:17:02","date_gmt":"2026-01-22T16:17:02","guid":{"rendered":"https:\/\/toutsurlesaola.fr\/?page_id=63"},"modified":"2026-02-19T14:47:12","modified_gmt":"2026-02-19T14:47:12","slug":"alimentation-du-saola","status":"publish","type":"page","link":"https:\/\/toutsurlesaola.fr\/index.php\/le-saola\/alimentation-du-saola\/","title":{"rendered":"Alimentation du saola"},"content":{"rendered":"\n<p><\/p>\n\n\n\n<div class=\"wp-block-columns is-layout-flex wp-container-core-columns-is-layout-28f84493 wp-block-columns-is-layout-flex\">\n<div class=\"wp-block-column is-layout-flow wp-block-column-is-layout-flow\" style=\"flex-basis:33.33%\">\n<figure class=\"wp-block-image size-full is-resized\"><img loading=\"lazy\" decoding=\"async\" width=\"755\" height=\"770\" src=\"https:\/\/toutsurlesaola.fr\/wp-content\/uploads\/2026\/02\/Lalimentation-du-Saolaa.jpeg\" alt=\"\" class=\"wp-image-137\" style=\"aspect-ratio:0.9805308065808702;width:273px;height:auto\" srcset=\"https:\/\/toutsurlesaola.fr\/wp-content\/uploads\/2026\/02\/Lalimentation-du-Saolaa.jpeg 755w, https:\/\/toutsurlesaola.fr\/wp-content\/uploads\/2026\/02\/Lalimentation-du-Saolaa-294x300.jpeg 294w\" sizes=\"auto, (max-width: 755px) 100vw, 755px\" \/><\/figure>\n<\/div>\n\n\n\n<div class=\"wp-block-column is-layout-flow wp-block-column-is-layout-flow\" style=\"flex-basis:66.66%\">\n<h1 class=\"wp-block-heading\">L\u2019alimentation du Saola : que mange cet animal rare ?<\/h1>\n\n\n\n<p><mark style=\"background-color:rgba(0, 0, 0, 0);color:#000000\" class=\"has-inline-color\">Le\u00a0<strong>saola<\/strong>, aussi appel\u00e9\u00a0<em>Pseudoryx nghetinhensis<\/em>, est l\u2019un des mammif\u00e8res les plus rares au monde. Vivant dans les for\u00eats montagneuses du Laos et du Vietnam, son\u00a0<strong>alimentation joue un r\u00f4le cl\u00e9 dans sa survie<\/strong>. Mais que mange r\u00e9ellement le saola ? Quel est son r\u00e9gime alimentaire ? D\u00e9couvrons-le ensemble.<\/mark><\/p>\n<\/div>\n<\/div>\n\n\n\n<h2 class=\"wp-block-heading\">Le r\u00e9gime alimentaire du saola<\/h2>\n\n\n\n<p><mark style=\"background-color:rgba(0, 0, 0, 0);color:#000000\" class=\"has-inline-color\">Le saola est un\u00a0<strong>animal herbivore<\/strong>. Son\u00a0<strong>r\u00e9gime alimentaire se compose exclusivement de v\u00e9g\u00e9taux<\/strong>, ce qui signifie qu\u2019il d\u00e9pend enti\u00e8rement de la richesse de son environnement forestier.<\/mark><\/p>\n\n\n\n<p><mark style=\"background-color:rgba(0, 0, 0, 0);color:#000000\" class=\"has-inline-color\">Son alimentation est adapt\u00e9e aux\u00a0<strong>for\u00eats tropicales humides<\/strong>, o\u00f9 il trouve une grande vari\u00e9t\u00e9 de plantes comestibles. Cette sp\u00e9cialisation rend cependant le saola tr\u00e8s vuln\u00e9rable aux changements de son habitat.<\/mark><\/p>\n\n\n\n<div class=\"wp-block-columns is-layout-flex wp-container-core-columns-is-layout-28f84493 wp-block-columns-is-layout-flex\">\n<div class=\"wp-block-column is-layout-flow wp-block-column-is-layout-flow\" style=\"flex-basis:33.33%\">\n<figure class=\"wp-block-image size-full\"><img loading=\"lazy\" decoding=\"async\" width=\"1024\" height=\"1024\" src=\"https:\/\/toutsurlesaola.fr\/wp-content\/uploads\/2026\/02\/Lalimentation-du-Saola.png\" alt=\"L\u2019alimentation du Saola\" class=\"wp-image-122\" srcset=\"https:\/\/toutsurlesaola.fr\/wp-content\/uploads\/2026\/02\/Lalimentation-du-Saola.png 1024w, https:\/\/toutsurlesaola.fr\/wp-content\/uploads\/2026\/02\/Lalimentation-du-Saola-300x300.png 300w, https:\/\/toutsurlesaola.fr\/wp-content\/uploads\/2026\/02\/Lalimentation-du-Saola-150x150.png 150w, https:\/\/toutsurlesaola.fr\/wp-content\/uploads\/2026\/02\/Lalimentation-du-Saola-768x768.png 768w\" sizes=\"auto, (max-width: 1024px) 100vw, 1024px\" \/><\/figure>\n<\/div>\n\n\n\n<div class=\"wp-block-column is-layout-flow wp-block-column-is-layout-flow\" style=\"flex-basis:66.66%\">\n<h2 class=\"wp-block-heading\">Que mange le saola dans son habitat naturel ?<\/h2>\n\n\n\n<p><mark style=\"background-color:rgba(0, 0, 0, 0);color:#000000\" class=\"has-inline-color\">Dans la nature, l\u2019<strong>alimentation du saola<\/strong>\u00a0comprend principalement :<\/mark><\/p>\n\n\n\n<ul class=\"wp-block-list\">\n<li>\ud83c\udf3f&nbsp;<strong>Feuilles tendres<\/strong>&nbsp;de plantes foresti\u00e8res<\/li>\n\n\n\n<li>\ud83c\udf31&nbsp;<strong>Jeunes pousses et tiges<\/strong><\/li>\n\n\n\n<li>\ud83c\udf43&nbsp;<strong>Arbustes et buissons bas<\/strong><\/li>\n\n\n\n<li>\ud83c\udf3f&nbsp;<strong>Plantes herbac\u00e9es<\/strong>&nbsp;poussant \u00e0 l\u2019ombre<\/li>\n<\/ul>\n\n\n\n<p><mark style=\"background-color:rgba(0, 0, 0, 0);color:#000000\" class=\"has-inline-color\">Le saola privil\u00e9gie les\u00a0<strong>plantes riches en eau<\/strong>, ce qui lui permet de s\u2019hydrater sans avoir besoin de se rendre souvent pr\u00e8s des rivi\u00e8res, r\u00e9duisant ainsi les risques de pr\u00e9dation.<\/mark><\/p>\n<\/div>\n<\/div>\n\n\n\n<h2 class=\"wp-block-heading\">Comment le saola se nourrit-il ?<\/h2>\n\n\n\n<p><mark style=\"background-color:rgba(0, 0, 0, 0);color:#000000\" class=\"has-inline-color\">Le saola est un animal\u00a0<strong>discret et solitaire<\/strong>. Il se nourrit principalement :<\/mark><\/p>\n\n\n\n<ul class=\"wp-block-list\">\n<li>t\u00f4t le matin<\/li>\n\n\n\n<li>en fin de journ\u00e9e<\/li>\n<\/ul>\n\n\n\n<p><mark style=\"background-color:rgba(0, 0, 0, 0);color:#000000\" class=\"has-inline-color\">Ces moments lui permettent d\u2019\u00e9viter la chaleur et les dangers. Gr\u00e2ce \u00e0 son museau et \u00e0 sa bouche adapt\u00e9s, il peut s\u00e9lectionner avec pr\u00e9cision les plantes les plus nutritives.<\/mark><\/p>\n\n\n\n<p><mark style=\"background-color:rgba(0, 0, 0, 0);color:#000000\" class=\"has-inline-color\">\u26a0\ufe0f \u00c0 ce jour, le comportement alimentaire du saola reste\u00a0<strong>partiellement m\u00e9connu<\/strong>, car l\u2019animal est extr\u00eamement difficile \u00e0 observer \u00e0 l\u2019\u00e9tat sauvage.<\/mark><\/p>\n\n\n\n<h2 class=\"wp-block-heading\">Pourquoi l\u2019alimentation du saola est-elle menac\u00e9e ?<\/h2>\n\n\n\n<p><mark style=\"background-color:rgba(0, 0, 0, 0);color:#000000\" class=\"has-inline-color\">La principale menace pesant sur l\u2019<strong>alimentation du saola<\/strong>\u00a0est la\u00a0<strong>d\u00e9forestation<\/strong>. La destruction des for\u00eats entra\u00eene :<\/mark><\/p>\n\n\n\n<ul class=\"wp-block-list\">\n<li>la disparition des plantes qu\u2019il consomme<\/li>\n\n\n\n<li>une r\u00e9duction de son territoire<\/li>\n\n\n\n<li>une difficult\u00e9 \u00e0 trouver une nourriture adapt\u00e9e<\/li>\n<\/ul>\n\n\n\n<p><mark style=\"background-color:rgba(0, 0, 0, 0);color:#000000\" class=\"has-inline-color\">\u00c0 cela s\u2019ajoutent la chasse ill\u00e9gale et les pi\u00e8ges destin\u00e9s \u00e0 d\u2019autres animaux, qui fragilisent encore plus cette esp\u00e8ce d\u00e9j\u00e0 en danger critique d\u2019extinction.<\/mark><\/p>\n\n\n\n<div class=\"wp-block-columns is-layout-flex wp-container-core-columns-is-layout-28f84493 wp-block-columns-is-layout-flex\">\n<div class=\"wp-block-column is-layout-flow wp-block-column-is-layout-flow\" style=\"flex-basis:66.66%\">\n<h2 class=\"wp-block-heading\">Pr\u00e9server l\u2019alimentation du saola pour sauver l\u2019esp\u00e8ce<\/h2>\n\n\n\n<p><mark style=\"background-color:rgba(0, 0, 0, 0);color:#000000\" class=\"has-inline-color\">Prot\u00e9ger le saola, c\u2019est avant tout\u00a0<strong>pr\u00e9server son habitat naturel<\/strong>\u00a0et la diversit\u00e9 v\u00e9g\u00e9tale dont il d\u00e9pend. La conservation des for\u00eats d\u2019Asie du Sud-Est est essentielle pour garantir une alimentation suffisante \u00e0 cette esp\u00e8ce unique.<\/mark><\/p>\n\n\n\n<p><mark style=\"background-color:rgba(0, 0, 0, 0);color:#000000\" class=\"has-inline-color\">\ud83c\udf0d Sensibiliser le public \u00e0 l\u2019alimentation du saola permet de mieux comprendre\u00a0<strong>l\u2019importance de la biodiversit\u00e9<\/strong>\u00a0et les liens \u00e9troits entre un animal et son environnement.<\/mark><\/p>\n\n\n\n<p><\/p>\n<\/div>\n\n\n\n<div class=\"wp-block-column is-layout-flow wp-block-column-is-layout-flow\" style=\"flex-basis:33.33%\"><\/div>\n<\/div>\n\n\n\n<p><\/p>\n","protected":false},"excerpt":{"rendered":"<p>L\u2019alimentation du Saola : que mange cet animal rare ? Le\u00a0saola, aussi appel\u00e9\u00a0Pseudoryx nghetinhensis, est l\u2019un des mammif\u00e8res les plus rares au monde. Vivant dans les for\u00eats montagneuses du Laos et du Vietnam, son\u00a0alimentation joue un r\u00f4le cl\u00e9 dans sa survie. Mais que mange r\u00e9ellement le saola ? Quel est son r\u00e9gime alimentaire ? D\u00e9couvrons-le [&hellip;]<\/p>\n","protected":false},"author":5,"featured_media":11,"parent":32,"menu_order":2,"comment_status":"closed","ping_status":"closed","template":"","meta":{"_monsterinsights_skip_tracking":false,"_monsterinsights_sitenote_active":false,"_monsterinsights_sitenote_note":"","_monsterinsights_sitenote_category":0,"footnotes":""},"class_list":["post-63","page","type-page","status-publish","has-post-thumbnail","hentry"],"yoast_head":"<!-- This site is optimized with the Yoast SEO plugin v27.2 - https:\/\/yoast.com\/product\/yoast-seo-wordpress\/ -->\n<title>Alimentation du saola - TOUT SUR LE SAOLA<\/title>\n<meta name=\"description\" content=\"Que mange le saola ? D\u00e9couvrez le r\u00e9gime alimentaire de cet animal rare d&#039;Asie et l&#039;impact de la d\u00e9forestation sur sa survie. Guide complet.\" \/>\n<meta name=\"robots\" content=\"index, follow, max-snippet:-1, max-image-preview:large, max-video-preview:-1\" \/>\n<link rel=\"canonical\" href=\"https:\/\/toutsurlesaola.fr\/index.php\/le-saola\/alimentation-du-saola\/\" \/>\n<meta property=\"og:locale\" content=\"en_US\" \/>\n<meta property=\"og:type\" content=\"article\" \/>\n<meta property=\"og:title\" content=\"Alimentation du saola - TOUT SUR LE SAOLA\" \/>\n<meta property=\"og:description\" content=\"Que mange le saola ? D\u00e9couvrez le r\u00e9gime alimentaire de cet animal rare d&#039;Asie et l&#039;impact de la d\u00e9forestation sur sa survie. Guide complet.\" \/>\n<meta property=\"og:url\" content=\"https:\/\/toutsurlesaola.fr\/index.php\/le-saola\/alimentation-du-saola\/\" \/>\n<meta property=\"og:site_name\" content=\"TOUT SUR LE SAOLA\" \/>\n<meta property=\"article:modified_time\" content=\"2026-02-19T14:47:12+00:00\" \/>\n<meta property=\"og:image\" content=\"https:\/\/toutsurlesaola.fr\/wp-content\/uploads\/2026\/01\/Saola_29-1.webp\" \/>\n\t<meta property=\"og:image:width\" content=\"1920\" \/>\n\t<meta property=\"og:image:height\" content=\"1080\" \/>\n\t<meta property=\"og:image:type\" content=\"image\/webp\" \/>\n<meta name=\"twitter:card\" content=\"summary_large_image\" \/>\n<meta name=\"twitter:label1\" content=\"Est. reading time\" \/>\n\t<meta name=\"twitter:data1\" content=\"3 minutes\" \/>\n<script type=\"application\/ld+json\" class=\"yoast-schema-graph\">{\"@context\":\"https:\/\/schema.org\",\"@graph\":[{\"@type\":\"WebPage\",\"@id\":\"https:\/\/toutsurlesaola.fr\/index.php\/le-saola\/alimentation-du-saola\/\",\"url\":\"https:\/\/toutsurlesaola.fr\/index.php\/le-saola\/alimentation-du-saola\/\",\"name\":\"Alimentation du saola - TOUT SUR LE SAOLA\",\"isPartOf\":{\"@id\":\"http:\/\/toutsurlesaola.fr\/#website\"},\"primaryImageOfPage\":{\"@id\":\"https:\/\/toutsurlesaola.fr\/index.php\/le-saola\/alimentation-du-saola\/#primaryimage\"},\"image\":{\"@id\":\"https:\/\/toutsurlesaola.fr\/index.php\/le-saola\/alimentation-du-saola\/#primaryimage\"},\"thumbnailUrl\":\"https:\/\/toutsurlesaola.fr\/wp-content\/uploads\/2026\/01\/Saola_29-1.webp\",\"datePublished\":\"2026-01-22T16:17:02+00:00\",\"dateModified\":\"2026-02-19T14:47:12+00:00\",\"description\":\"Que mange le saola ? D\u00e9couvrez le r\u00e9gime alimentaire de cet animal rare d'Asie et l'impact de la d\u00e9forestation sur sa survie. Guide complet.\",\"breadcrumb\":{\"@id\":\"https:\/\/toutsurlesaola.fr\/index.php\/le-saola\/alimentation-du-saola\/#breadcrumb\"},\"inLanguage\":\"en-US\",\"potentialAction\":[{\"@type\":\"ReadAction\",\"target\":[\"https:\/\/toutsurlesaola.fr\/index.php\/le-saola\/alimentation-du-saola\/\"]}]},{\"@type\":\"ImageObject\",\"inLanguage\":\"en-US\",\"@id\":\"https:\/\/toutsurlesaola.fr\/index.php\/le-saola\/alimentation-du-saola\/#primaryimage\",\"url\":\"https:\/\/toutsurlesaola.fr\/wp-content\/uploads\/2026\/01\/Saola_29-1.webp\",\"contentUrl\":\"https:\/\/toutsurlesaola.fr\/wp-content\/uploads\/2026\/01\/Saola_29-1.webp\",\"width\":1920,\"height\":1080},{\"@type\":\"BreadcrumbList\",\"@id\":\"https:\/\/toutsurlesaola.fr\/index.php\/le-saola\/alimentation-du-saola\/#breadcrumb\",\"itemListElement\":[{\"@type\":\"ListItem\",\"position\":1,\"name\":\"Home\",\"item\":\"http:\/\/toutsurlesaola.fr\/\"},{\"@type\":\"ListItem\",\"position\":2,\"name\":\"Le Saola\",\"item\":\"https:\/\/toutsurlesaola.fr\/index.php\/le-saola\/\"},{\"@type\":\"ListItem\",\"position\":3,\"name\":\"Alimentation du saola\"}]},{\"@type\":\"WebSite\",\"@id\":\"http:\/\/toutsurlesaola.fr\/#website\",\"url\":\"http:\/\/toutsurlesaola.fr\/\",\"name\":\"TOUT SUR LE SAOLA\",\"description\":\"\",\"publisher\":{\"@id\":\"http:\/\/toutsurlesaola.fr\/#organization\"},\"potentialAction\":[{\"@type\":\"SearchAction\",\"target\":{\"@type\":\"EntryPoint\",\"urlTemplate\":\"http:\/\/toutsurlesaola.fr\/?s={search_term_string}\"},\"query-input\":{\"@type\":\"PropertyValueSpecification\",\"valueRequired\":true,\"valueName\":\"search_term_string\"}}],\"inLanguage\":\"en-US\"},{\"@type\":\"Organization\",\"@id\":\"http:\/\/toutsurlesaola.fr\/#organization\",\"name\":\"D\u00e9couvre le mode de reproduction des saolas\",\"url\":\"http:\/\/toutsurlesaola.fr\/\",\"logo\":{\"@type\":\"ImageObject\",\"inLanguage\":\"en-US\",\"@id\":\"http:\/\/toutsurlesaola.fr\/#\/schema\/logo\/image\/\",\"url\":\"https:\/\/toutsurlesaola.fr\/wp-content\/uploads\/2026\/01\/Designer-1.png\",\"contentUrl\":\"https:\/\/toutsurlesaola.fr\/wp-content\/uploads\/2026\/01\/Designer-1.png\",\"width\":1024,\"height\":1024,\"caption\":\"D\u00e9couvre le mode de reproduction des saolas\"},\"image\":{\"@id\":\"http:\/\/toutsurlesaola.fr\/#\/schema\/logo\/image\/\"}}]}<\/script>\n<!-- \/ Yoast SEO plugin. -->","yoast_head_json":{"title":"Alimentation du saola - TOUT SUR LE SAOLA","description":"Que mange le saola ? D\u00e9couvrez le r\u00e9gime alimentaire de cet animal rare d'Asie et l'impact de la d\u00e9forestation sur sa survie. Guide complet.","robots":{"index":"index","follow":"follow","max-snippet":"max-snippet:-1","max-image-preview":"max-image-preview:large","max-video-preview":"max-video-preview:-1"},"canonical":"https:\/\/toutsurlesaola.fr\/index.php\/le-saola\/alimentation-du-saola\/","og_locale":"en_US","og_type":"article","og_title":"Alimentation du saola - TOUT SUR LE SAOLA","og_description":"Que mange le saola ? D\u00e9couvrez le r\u00e9gime alimentaire de cet animal rare d'Asie et l'impact de la d\u00e9forestation sur sa survie. Guide complet.","og_url":"https:\/\/toutsurlesaola.fr\/index.php\/le-saola\/alimentation-du-saola\/","og_site_name":"TOUT SUR LE SAOLA","article_modified_time":"2026-02-19T14:47:12+00:00","og_image":[{"width":1920,"height":1080,"url":"https:\/\/toutsurlesaola.fr\/wp-content\/uploads\/2026\/01\/Saola_29-1.webp","type":"image\/webp"}],"twitter_card":"summary_large_image","twitter_misc":{"Est. reading time":"3 minutes"},"schema":{"@context":"https:\/\/schema.org","@graph":[{"@type":"WebPage","@id":"https:\/\/toutsurlesaola.fr\/index.php\/le-saola\/alimentation-du-saola\/","url":"https:\/\/toutsurlesaola.fr\/index.php\/le-saola\/alimentation-du-saola\/","name":"Alimentation du saola - TOUT SUR LE SAOLA","isPartOf":{"@id":"http:\/\/toutsurlesaola.fr\/#website"},"primaryImageOfPage":{"@id":"https:\/\/toutsurlesaola.fr\/index.php\/le-saola\/alimentation-du-saola\/#primaryimage"},"image":{"@id":"https:\/\/toutsurlesaola.fr\/index.php\/le-saola\/alimentation-du-saola\/#primaryimage"},"thumbnailUrl":"https:\/\/toutsurlesaola.fr\/wp-content\/uploads\/2026\/01\/Saola_29-1.webp","datePublished":"2026-01-22T16:17:02+00:00","dateModified":"2026-02-19T14:47:12+00:00","description":"Que mange le saola ? D\u00e9couvrez le r\u00e9gime alimentaire de cet animal rare d'Asie et l'impact de la d\u00e9forestation sur sa survie. Guide complet.","breadcrumb":{"@id":"https:\/\/toutsurlesaola.fr\/index.php\/le-saola\/alimentation-du-saola\/#breadcrumb"},"inLanguage":"en-US","potentialAction":[{"@type":"ReadAction","target":["https:\/\/toutsurlesaola.fr\/index.php\/le-saola\/alimentation-du-saola\/"]}]},{"@type":"ImageObject","inLanguage":"en-US","@id":"https:\/\/toutsurlesaola.fr\/index.php\/le-saola\/alimentation-du-saola\/#primaryimage","url":"https:\/\/toutsurlesaola.fr\/wp-content\/uploads\/2026\/01\/Saola_29-1.webp","contentUrl":"https:\/\/toutsurlesaola.fr\/wp-content\/uploads\/2026\/01\/Saola_29-1.webp","width":1920,"height":1080},{"@type":"BreadcrumbList","@id":"https:\/\/toutsurlesaola.fr\/index.php\/le-saola\/alimentation-du-saola\/#breadcrumb","itemListElement":[{"@type":"ListItem","position":1,"name":"Home","item":"http:\/\/toutsurlesaola.fr\/"},{"@type":"ListItem","position":2,"name":"Le Saola","item":"https:\/\/toutsurlesaola.fr\/index.php\/le-saola\/"},{"@type":"ListItem","position":3,"name":"Alimentation du saola"}]},{"@type":"WebSite","@id":"http:\/\/toutsurlesaola.fr\/#website","url":"http:\/\/toutsurlesaola.fr\/","name":"TOUT SUR LE SAOLA","description":"","publisher":{"@id":"http:\/\/toutsurlesaola.fr\/#organization"},"potentialAction":[{"@type":"SearchAction","target":{"@type":"EntryPoint","urlTemplate":"http:\/\/toutsurlesaola.fr\/?s={search_term_string}"},"query-input":{"@type":"PropertyValueSpecification","valueRequired":true,"valueName":"search_term_string"}}],"inLanguage":"en-US"},{"@type":"Organization","@id":"http:\/\/toutsurlesaola.fr\/#organization","name":"D\u00e9couvre le mode de reproduction des saolas","url":"http:\/\/toutsurlesaola.fr\/","logo":{"@type":"ImageObject","inLanguage":"en-US","@id":"http:\/\/toutsurlesaola.fr\/#\/schema\/logo\/image\/","url":"https:\/\/toutsurlesaola.fr\/wp-content\/uploads\/2026\/01\/Designer-1.png","contentUrl":"https:\/\/toutsurlesaola.fr\/wp-content\/uploads\/2026\/01\/Designer-1.png","width":1024,"height":1024,"caption":"D\u00e9couvre le mode de reproduction des saolas"},"image":{"@id":"http:\/\/toutsurlesaola.fr\/#\/schema\/logo\/image\/"}}]}},"_links":{"self":[{"href":"https:\/\/toutsurlesaola.fr\/index.php\/wp-json\/wp\/v2\/pages\/63","targetHints":{"allow":["GET"]}}],"collection":[{"href":"https:\/\/toutsurlesaola.fr\/index.php\/wp-json\/wp\/v2\/pages"}],"about":[{"href":"https:\/\/toutsurlesaola.fr\/index.php\/wp-json\/wp\/v2\/types\/page"}],"author":[{"embeddable":true,"href":"https:\/\/toutsurlesaola.fr\/index.php\/wp-json\/wp\/v2\/users\/5"}],"replies":[{"embeddable":true,"href":"https:\/\/toutsurlesaola.fr\/index.php\/wp-json\/wp\/v2\/comments?post=63"}],"version-history":[{"count":7,"href":"https:\/\/toutsurlesaola.fr\/index.php\/wp-json\/wp\/v2\/pages\/63\/revisions"}],"predecessor-version":[{"id":189,"href":"https:\/\/toutsurlesaola.fr\/index.php\/wp-json\/wp\/v2\/pages\/63\/revisions\/189"}],"up":[{"embeddable":true,"href":"https:\/\/toutsurlesaola.fr\/index.php\/wp-json\/wp\/v2\/pages\/32"}],"wp:featuredmedia":[{"embeddable":true,"href":"https:\/\/toutsurlesaola.fr\/index.php\/wp-json\/wp\/v2\/media\/11"}],"wp:attachment":[{"href":"https:\/\/toutsurlesaola.fr\/index.php\/wp-json\/wp\/v2\/media?parent=63"}],"curies":[{"name":"wp","href":"https:\/\/api.w.org\/{rel}","templated":true}]}}